dreds digit of 1879131?
1
What is the ten thousands digit of 21248478?
4
What is the millions digit of 5933519?
5
What is the tens digit of 56559?
5
What is the millions digit of 4216654?
4
What is the thousands digit of 3561630?
1
What is the hundred thousands digit of 5140448?
1
What is the hundreds digit of 2481351?
3
What is the millions digit of 5068368?
5
What is the hundreds digit of 233033?
0
What is the hundred thousands digit of 3200516?
2
What is the tens digit of 3176549?
4
What is the hundreds digit of 415482?
4
What is the hundred thousands digit of 3718561?
7
What is the ten millions digit of 21287362?
2
What is the hundreds digit of 431817?
8
What is the units digit of 14900314?
4
What is the units digit of 889048?
8
What is the hundreds digit of 82537?
5
What is the tens digit of 134212?
1
What is the tens digit of 500949?
4
What is the thousands digit of 1349925?
9
What is the units digit of 271277?
7
What is the hundred thousands digit of 408494?
4
What is the thousands digit of 10899389?
9
What is the thousands digit of 561890?
1
What is the tens digit of 2977756?
5
What is the ten thousands digit of 12463061?
6
What is the hundred thousands digit of 728570?
7
What is the ten thousands digit of 4756944?
5
What is the ten thousands digit of 497135?
9
What is the units digit of 653193?
3
What is the millions digit of 1427462?
1
What is the millions digit of 1101937?
1
What is the units digit of 219995?
5
What is the thousands digit of 251920?
1
What is the thousands digit of 5067813?
7
What is the tens digit of 2171796?
9
What is the hundred thousands digit of 10216340?
2
What is the thousands digit of 671218?
1
What is the hundred thousands digit of 569577?
5
What is the tens digit of 304023?
2
What is the units digit of 2215354?
4
What is the tens digit of 266439?
3
What is the thousands digit of 1205794?
5
What is the units digit of 406194?
4
What is the hundred thousands digit of 751086?
7
What is the units digit of 157933?
3
What is the thousands digit of 10879142?
9
What is the hundreds digit of 853085?
0
What is the thousands digit of 7245577?
5
What is the hundreds digit of 44235?
2
What is the hundreds digit of 15233079?
0
What is the millions digit of 1025719?
1
What is the thousands digit of 5319856?
9
What is the thousands digit of 1834939?
4
What is the thousands digit of 352720?
2
What is the ten thousands digit of 6759682?
5
What is the thousands digit of 7139002?
9
What is the ten millions digit of 19122752?
1
What is the ten thousands digit of 185494?
8
What is the ten thousands digit of 9127973?
2
What is the hundreds digit of 435343?
3
What is the hundreds digit of 294912?
9
What is the ten thousands digit of 123531?
2
What is the tens digit of 123841?
4
What is the tens digit of 220481?
8
What is the ten thousands digit of 992090?
9
What is the units digit of 90161?
1
What is the units digit of 8069029?
9
What is the units digit of 305006?
6
What is the ten thousands digit of 11189927?
8
What is the hundreds digit of 275101?
1
What is the millions digit of 4132053?
4
What is the hundreds digit of 393178?
1
What is the tens digit of 18981981?
8
What is the hundreds digit of 1319155?
1
What is the hundreds digit of 4969823?
8
What is the tens digit of 490681?
8
What is the ten thousands digit of 500149?
0
What is the units digit of 773655?
5
What is the units digit of 7163679?
9
What is the tens digit of 1511863?
6
What is the tens digit of 25890?
9
What is the tens digit of 713182?
8
What is the ten thousands digit of 25717?
2
What is the tens digit of 342823?
2
What is the thousands digit of 16909759?
9
What is the hundred thousands digit of 146908?
1
What is the units digit of 1821383?
3
What is the hundred thousands digit of 158167?
1
What is the units digit of 16861666?
6
What is the thousands digit of 664089?
4
What is the tens digit of 603255?
5
What is the thousands digit of 151010?
1
What is the hundred thousands digit of 167282?
1
What is the hundred thousands digit of 1978545?
9
What is the units digit of 1294013?
3
What is the hundreds digit of 6852562?
5
What is the tens digit of 6022219?
1
What is the tens digit of 17633675?
7
What is the units digit of 31004?
4
What is the millions digit of 5051652?
5
What is the millions digit of 7683901?
7
What is the hundreds digit of 18093503?
5
What is the tens digit of 1295130?
3
What is the hundreds digit of 4297894?
8
What is the units digit of 98430?
0
What is the tens digit of 471209?
0
What is the hundred thousands digit of 890981?
8
What is the ten millions digit of 21764953?
2
What is the hundred thousands digit of 6970698?
9
What is the tens digit of 13769?
6
What is the tens digit of 148018?
1
What is the hundred thousands digit of 453848?
4
What is the thousands digit of 763270?
3
What is the thousands digit of 5828870?
8
What is the millions digit of 6107176?
6
What is the units digit of 82274?
4
What is the units digit of 259793?
3
What is the thousands digit of 10667897?
7
What is the units digit of 35916?
6
What is the tens digit of 238883?
8
What is the hundreds digit of 1499884?
8
What is the hundred thousands digit of 20292385?
2
What is the units digit of 2137346?
6
What is the thousands digit of 18037254?
7
What is the hundreds digit of 1173285?
2
What is the thousands digit of 16192970?
2
What is the units digit of 3281457?
7
What is the tens digit of 604792?
9
What is the ten thousands digit of 3941624?
4
What is the ten thousands digit of 1089046?
8
What is the tens digit of 303356?
5
What is the hundred thousands digit of 5771899?
7
What is the millions digit of 1758398?
1
What is the hundreds digit of 336749?
7
What is the tens digit of 366554?
5
What is the units digit of 19129103?
3
What is the ten thousands digit of 735199?
3
What is the ten thousands digit of 466310?
6
What is the hundred thousands digit of 765443?
7
What is the ten thousands digit of 24695739?
9
What is the ten thousands digit of 80452?
8
What is the hundreds digit of 3146672?
6
What is the units digit of 20695400?
0
What is the thousands digit of 153494?
3
What is the hundreds digit of 2858469?
4
What is the units digit of 5214528?
8
What is the units digit of 181141?
1
What is the thousands digit of 330153?
0
What is the millions digit of 2229638?
2
What is the units digit of 810675?
5
What is the thousands digit of 1177764?
7
What is the units digit of 40805224?
4
What is the ten thousands digit of 4632120?
3
What is the hundreds digit of 4084647?
6
What is the ten thousands digit of 308744?
0
What is the ten millions digit of 29070837?
2
What is the ten thousands digit of 164243?
6
What is the tens digit of 7484115?
1
What is the hundreds digit of 1420326?
3
What is the hundreds digit of 1780538?
5
What is the ten thousands digit of 524085?
2
What is the tens digit of 1646271?
7
What is the hundred thousands digit of 410375?
4
What is the thousands digit of 1372182?
2
What is the millions digit of 1950026?
1
What is the hundreds digit of 15704285?
2
What is the thousands digit of 31870?
1
What is the hundred thousands digit of 1315522?
3
What is the ten thousands digit of 6446320?
4
What is the hundreds digit of 19498198?
1
What is the millions digit of 6337722?
6
What is the units digit of 1354388?
8
What is the tens digit of 133728?
2
What is the thousands digit of 2646966?
6
What is the thousands digit of 2960817?
0
What is the thousands digit of 2305920?
5
What is the ten millions digit of 29539857?
2
What is the tens digit of 2664335?
3
What is the thousands digit of 149935?
9
What is the units digit of 3394671?
1
What is the ten thousands digit of 852345?
5
What is the hundreds digit of 3781123?
1
What is the ten thousands digit of 1603868?
0
What is the hundred thousands digit of 3702774?
7
What is the units digit of 6704558?
8
What is the ten millions digit of 10454349?
1
What is the units digit of 419263?
3
What is the ten thousands digit of 4299213?
9
What is the hundred thousands digit of 1264323?
2
What is the ten thousands digit of 214652?
1
What is the thousands digit of 621568?
1
What is the hundreds digit of 753862?
8
What is the tens digit of 331286?
8
What is the thousands digit of 4081611?
1
What is the ten thousands digit of 18366